prime factors of 1053?
3, 13
What are the prime factors of 7228?
2, 13, 139
List the prime factors of 4841.
47, 103
List the prime factors of 85278.
2, 3, 61, 233
What are the prime factors of 1779?
3, 593
List the prime factors of 4737.
3, 1579
List the prime factors of 6718.
2, 3359
What are the prime factors of 3004?
2, 751
List the prime factors of 65641.
41, 1601
What are the prime factors of 6337?
6337
List the prime factors of 84114.
2, 3, 4673
What are the prime factors of 68600?
2, 5, 7
List the prime factors of 113562.
2, 3, 701
What are the prime factors of 1059?
3, 353
What are the prime factors of 6175?
5, 13, 19
What are the prime factors of 2507?
23, 109
What are the prime factors of 119652?
2, 3, 13, 59
What are the prime factors of 134?
2, 67
List the prime factors of 3126.
2, 3, 521
What are the prime factors of 28322?
2, 7, 17
What are the prime factors of 4659?
3, 1553
List the prime factors of 65918.
2, 23, 1433
What are the prime factors of 6788?
2, 1697
What are the prime factors of 86237?
83, 1039
What are the prime factors of 11936?
2, 373
What are the prime factors of 216?
2, 3
List the prime factors of 6354.
2, 3, 353
What are the prime factors of 162680?
2, 5, 7, 83
List the prime factors of 45532.
2, 11383
What are the prime factors of 61880?
2, 5, 7, 13, 17
What are the prime factors of 10940?
2, 5, 547
What are the prime factors of 1285?
5, 257
List the prime factors of 358.
2, 179
List the prime factors of 689.
13, 53
What are the prime factors of 716?
2, 179
What are the prime factors of 30?
2, 3, 5
List the prime factors of 3620.
2, 5, 181
List the prime factors of 2031.
3, 677
List the prime factors of 2724.
2, 3, 227
What are the prime factors of 45591?
3, 7, 13, 167
List the prime factors of 10437.
3, 7, 71
What are the prime factors of 2210?
2, 5, 13, 17
List the prime factors of 549.
3, 61
What are the prime factors of 2104?
2, 263
What are the prime factors of 35978?
2, 17989
List the prime factors of 1930.
2, 5, 193
List the prime factors of 980.
2, 5, 7
List the prime factors of 1626.
2, 3, 271
List the prime factors of 17470.
2, 5, 1747
What are the prime factors of 60455?
5, 107, 113
List the prime factors of 1123.
1123
List the prime factors of 3744.
2, 3, 13
List the prime factors of 266.
2, 7, 19
What are the prime factors of 660?
2, 3, 5, 11
List the prime factors of 8066.
2, 37, 109
What are the prime factors of 28748?
2, 7187
List the prime factors of 4523.
4523
List the prime factors of 23484.
2, 3, 19, 103
List the prime factors of 2628.
2, 3, 73
List the prime factors of 1232.
2, 7, 11
What are the prime factors of 1138?
2, 569
What are the prime factors of 1319?
1319
What are the prime factors of 1372?
2, 7
What are the prime factors of 60?
2, 3, 5
List the prime factors of 2099.
2099
List the prime factors of 581.
7, 83
What are the prime factors of 9636?
2, 3, 11, 73
List the prime factors of 97969.
313
What are the prime factors of 14744?
2, 19, 97
What are the prime factors of 926?
2, 463
What are the prime factors of 13242?
2, 3, 2207
List the prime factors of 20386.
2, 10193
List the prime factors of 49643.
11, 4513
List the prime factors of 1235.
5, 13, 19
List the prime factors of 671.
11, 61
What are the prime factors of 89325?
3, 5, 397
List the prime factors of 60131.
157, 383
What are the prime factors of 2005?
5, 401
List the prime factors of 28856.
2, 3607
What are the prime factors of 9040?
2, 5, 113
List the prime factors of 6749.
17, 397
What are the prime factors of 17000?
2, 5, 17
List the prime factors of 4823.
7, 13, 53
What are the prime factors of 1428?
2, 3, 7, 17
What are the prime factors of 3160?
2, 5, 79
List the prime factors of 14992.
2, 937
List the prime factors of 63986.
2, 13, 23, 107
List the prime factors of 3444.
2, 3, 7, 41
List the prime factors of 5935.
5, 1187
What are the prime factors of 79029?
3, 2927
List the prime factors of 32462.
2, 16231
List the prime factors of 512.
2
What are the prime factors of 81?
3
What are the prime factors of 8323?
7, 29, 41
What are the prime factors of 11624?
2, 1453
What are the prime factors of 6550?
2, 5, 131
What are the prime factors of 84968?
2, 13, 19, 43
What are the prime factors of 1256?
2, 157
What are the prime factors of 350?
2, 5, 7
What are the prime factors of 18292?
2, 17, 269
What are the prime factors of 325?
5, 13
List the prime factors of 23907.
3, 13, 613
What are the prime factors of 5561?
67, 83
List the prime factors of 1559.
1559
What are the prime factors of 108638?
2, 54319
What are the prime factors of 2178?
2, 3, 11
List the prime factors of 41808.
2, 3, 13, 67
List the prime factors of 2985.
3, 5, 199
What are the prime factors of 921?
3, 307
List the prime factors of 23109.
3, 7703
List the prime factors of 16850.
2, 5, 337
List the prime factors of 46821.
3, 15607
List the prime factors of 127.
127
What are the prime factors of 1884?
2, 3, 157
List the prime factors of 2185.
5, 19, 23
List the prime factors of 3121.
3121
What are the prime factors of 7441?
7, 1063
List the prime factors of 995.
5, 199
List the prime factors of 97465.
5, 101, 193
What are the prime factors of 126010?
2, 5, 12601
List the prime factors of 1020.
2, 3, 5, 17
What are the prime factors of 3521?
7, 503
List the prime factors of 112659.
3, 17, 47
List the prime factors of 14809.
59, 251
What are the prime factors of 7561?
7561
List the prime factors of 16513.
7, 337
What are the prime factors of 61281?
3, 11, 619
What are the prime factors of 4293?
3, 53
What are the prime factors of 13684?
2, 11, 311
List the prime factors of 16692.
2, 3, 13, 107
List the prime factors of 12057.
3, 4019
What are the prime factors of 7485?
3, 5, 499
List the prime factors of 24384.
2, 3, 127
List the prime factors of 775.
5, 31
List the prime factors of 3270.
2, 3, 5, 109
List the prime factors of 60627.
3, 7, 2887
What are the prime factors of 64582?
2, 7, 659
What are the prime factors of 4939?
11, 449
List the prime factors of 161641.
161641
List the prime factors of 43.
43
List the prime factors of 2372.
2, 593
What are the prime factors of 79?
79
List the prime factors of 3292.
2, 823
What are the prime factors of 4651?
4651
List the prime factors of 105023.
105023
What are the prime factors of 27597?
3, 9199
List the prime factors of 1258.
2, 17, 37
List the prime factors of 1480.
2, 5, 37
What are the prime factors of 78730?
2, 5, 7873
List the prime factors of 13336.
2, 1667
What are the prime factors of 12177?
3, 11, 41
What are the prime factors of 20385?
3, 5, 151
What are the prime factors of 15066?
2, 3, 31
What are the prime factors of 9356?
2, 2339
List the prime factors of 12901.
7, 19, 97
What are the prime factors of 128527?
7, 43, 61
List the prime factors of 9396.
2, 3, 29
What are the prime factors of 44509?
47, 947
What are the prime factors of 6821?
19, 359
What are the prime factors of 45584?
2, 7, 11, 37
List the prime factors of 13037.
13037
What are the prime factors of 8549?
83, 103
What are the prime factors of 987?
3, 7, 47
What are the prime factors of 195?
3, 5, 13
What are the prime factors of 37289?
7, 761
What are the prime factors of 3703?
7, 23
List the prime factors of 603.
3, 67
What are the prime factors of 1079?
13, 83
What are the prime factors of 15854?
2, 7927
List the prime factors of 5944.
2, 743
List the prime factors of 194.
2, 97
List the prime factors of 14643.
3, 1627
List the prime factors of 630.
2, 3, 5, 7
What are the prime factors of 3386?
2, 1693
List the prime factors of 20024.
2, 2503
List the prime factors of 17848.
2, 23, 97
List the prime factors of 19095.
3, 5, 19, 67
List the prime factors of 7494.
2, 3, 1249
List the prime factors of 77095.
5, 17, 907
What are the prime factors of 491?
491
What are the prime factors of 111915?
3, 5, 829
What are the prime factors of 7031?
79, 89
List the prime factors of 36098.
2, 18049
What are the prime factors of 8347?
17, 491
List the prime factors of 16656.
2, 3, 347
What are the prime factors of 437?
19, 23
What are the prime factors of 29799?
3, 7, 11, 43
What are the prime factors of 108?
2, 3
What are the prime factors of 66643?
66643
What are the prime factors of 2520?
2, 3, 5, 7
List the prime factors of 47143